undreds digit of p?
3
Let x = 69 - 77. Let l be 0 + x + 4 - (0 + -37). Let q = l - -4. What is the units digit of q?
7
Let g = -61964 - -104908. What is the ten thousands digit of g?
4
Suppose -31 = -4*h - 19. Suppose 10*t - 5*t = h*q - 585, 5*q = -4*t - 431. Let f = -87 - t. What is the tens digit of f?
2
Let c(s) be the third derivative of -s**6/120 + s**5/6 - s**4/3 + 2*s**3/3 - 20*s**2. Let m be c(9). Suppose m*p - 2 = 11*p. What is the units digit of p?
1
Let u be -7 + 2 + 18/3. What is the tens digit of (51 + 94)/((-2 + u)*-1)?
4
Let b(d) be the first derivative of -d**4/2 - d**3/3 + 14*d**2 - 17*d + 142. What is the tens digit of b(-7)?
2
Suppose -72*u - 44688 = -60*u. What is the hundreds digit of u/(-8) - (4 - 28/8)?
4
Let p(r) = 85*r - 12. Let u be p(7). Let c = -259 + u. Suppose 9*j - 5*j = c. What is the units digit of j?
1
Let x(l) = -25*l**3 - l**2 - 61*l - 395. What is the hundreds digit of x(-6)?
3
Let m = 1296 + -900. What is the tens digit of m?
9
Suppose 4*w = -8, 580*m - 579*m = w + 6186. What is the hundreds digit of m?
1
Suppose 6*f - 5 - 7 = 0. Suppose 5 = f*d - 5. Suppose 7*u - d*z = 2*u + 735, 3*z - 279 = -2*u. What is the tens digit of u?
4
Suppose 2*t - 253 = 5*y, 0 = -2*y - 1 + 11. What is the hundreds digit of t?
1
Let h(v) = -v**3 + 2*v**2 + 4*v - 1. Let a be h(3). Suppose -a*z + 13*z - 1518 = 0. Suppose 0 = -o - 2*o + z. What is the tens digit of o?
4
Suppose 4*y = -4*k + 40, k = 4*y - 0*y - 15. Suppose k*u - 408 = 827. What is the hundreds digit of u?
2
Let v = 5999 - 1446. What is the thousands digit of v?
4
Let q(n) = 22*n + 102. Let m(i) = -i**2 + 7*i + 27. Let w be m(8). What is the hundreds digit of q(w)?
5
Suppose 2*k - 39 = -5*q - 11, q + 12 = 4*k. Suppose -q*j - 97 = -1425. What is the hundreds digit of j?
3
Let k be 2/6*2 - (-1570)/3. Suppose -k*t + 687 = -521*t. What is the units digit of t?
9
Let u = -74370 - -157200. What is the thousands digit of u?
2
Let x(p) be the third derivative of 19*p**4/24 - 67*p**3/6 - 115*p**2. What is the tens digit of x(21)?
3
Let k(x) = -33*x**2. Let t be k(-2). Suppose -11*m = -49 + 148. What is the tens digit of t*((-24)/m)/(-4)?
8
Suppose 2*n - 2*c - 6 = 0, 2*c = -0*n + n - 4. Let s(o) = 7*o**3 + 2*o. What is the units digit of s(n)?
0
Suppose 866 + 25606 = -12*p. What is the units digit of (p/(-10))/(((-78)/(-13))/30)?
3
What is the ten thousands digit of 4/1 + 4 - (-11828 - -29)?
1
Suppose -21*x + 255809 = 158*x - 187395. What is the hundreds digit of x?
4
Suppose -w - 4 = 0, 0 = -0*q - 4*q + 2*w + 200. Suppose -50*r + q*r = -1014. What is the tens digit of r?
0
Let j = 4 - -104. What is the hundreds digit of (50/18 - (-24)/j)*113?
3
Suppose 5*f - 16 = 9*f. Let o be (-2)/((-2)/f + 6/(-4)). Suppose o*v - 97 = 57. What is the tens digit of v?
7
Let s = 1426 + 481. Suppose -5*g + g = 5*q - s, -4*q - 1952 = -4*g. What is the tens digit of g?
8
Suppose -5*i + 32983 = 15*j - 12*j, 0 = -i + j + 6595. What is the units digit of i?
6
Suppose 0*h - 25 = 5*h. Let m(i) = -6*i**3 - 3*i**2 - 9*i + 6. Let d be m(h). Suppose -17*g + 14*g = -d. What is the tens digit of g?
4
Let j = -521 + 1327. Suppose 0 = 3*g + o - 2460, 2*g - 3*g - 5*o + j = 0. What is the tens digit of g?
2
Let y(b) be the second derivative of -157*b**3/3 + 11*b**2/2 + 144*b. What is the hundreds digit of y(-1)?
3
Let u = -264 - -266. Suppose 2*r = -5*y + 2192 + 1154, -3*y - u*r = -2006. What is the tens digit of y?
7
Suppose -10*g - 16 = -18*g. Suppose -19 = -4*z + 2*z + f, -g*z + 2*f = -18. Suppose -300 = -z*a - 20. What is the tens digit of a?
2
Suppose -6*b - 5642 = -23162. Let t = b + -1369. What is the hundreds digit of t?
5
Let d be (24/(-10))/(-3*(-4)/(-30)). Suppose -d*m + 20 = -m. Suppose -m*t + 4 = -k + 9, -5*t = -2*k + 16. What is the tens digit of k?
1
Let o = -3937 + 9879. What is the thousands digit of o?
5
Let p = 3 + -19. Let n = -8 - -2. What is the tens digit of 3537/36 + 2/(p/n)?
9
Let h = 83 - 57. Suppose 23*b - h*b = -24. Suppose -711 = -5*u - 3*r, -b*r + 12*r = -12. What is the hundreds digit of u?
1
Let z(t) = 34*t + 2740. What is the hundreds digit of z(-75)?
1
What is the hundreds digit of (-2)/(-5 + (-123561)/(-24714))?
4
Suppose 0 = -6*z - 1833 + 471. Let l = -152 - z. Suppose 0 = p + 2*b - l, p - 2*p + 4*b = -99. What is the tens digit of p?
8
Suppose 0 = 5*l + 3*t + 9, 6*l - 3 = 2*l + t. Suppose 98*h - 4 = 96*h. Suppose 0 = -5*p - 10, l = 3*y - y - h*p - 284. What is the tens digit of y?
4
Let p(l) = 2*l**2 - 5*l + 71. Let i be p(-21). Let j = -562 + i. What is the hundreds digit of j?
4
Suppose -12*u + 6228 = -1620. Suppose -h = -a - 208, u = 3*h + 9*a - 6*a. Suppose -3*i + 63 + h = 0. What is the units digit of i?
2
Let o = 5608 + 2501. What is the thousands digit of o?
8
Suppose k - 2220 = 2*z, 3*z = 6*z. Suppose -k = b - 6*b. Suppose 5*x - 8*x = -b. What is the units digit of x?
8
Suppose -75*v = 21*v - 6961536. What is the hundreds digit of v?
5
Suppose -8*a + 8172 = -7828. What is the hundreds digit of 3 - (a/(-5) + 6)?
3
Let w(c) = -c**2 + 7*c + 21. Let a be w(-5). Let s = 42 + a. Suppose -71 = -s*g + 5*t - 8, 5*t = g - 21. What is the units digit of g?
1
Let x(p) = -11*p**2 + 141*p - 16. What is the tens digit of x(11)?
0
Let w = 8865 - 1946. What is the thousands digit of w?
6
Let k(w) = -9*w**3 - 11*w**2 - 20*w - 3. Let d(n) = -4*n**3 - 5*n**2 - 10*n - 2. Let j(a) = -7*d(a) + 3*k(a). What is the tens digit of j(7)?
1
Suppose 0 = j - 4133 - 1899 + 1288. What is the hundreds digit of j?
7
Suppose 2*p = 4*p, -8764 = 3*t - 3*p - 222646. What is the hundreds digit of t?
2
Suppose 15 = 5*j - 20. Let z(p) = 4 + 4 - 17 + j*p + 6. What is the tens digit of z(9)?
6
Suppose 6*u + 193477 = 23*u. What is the units digit of (-1)/(-3) - u/(-57)?
0
Suppose -4*c + s = -16303, 2*c = 5*c - 2*s - 12231. What is the tens digit of c?
7
Let o be (-78)/65*5/(-3). Let b(a) = -7*a**o - 1 - 1 + 45*a**2 + 1. What is the tens digit of b(-1)?
3
What is the hundreds digit of 54707972/1526 + (12/14)/2?
8
Let u(f) = -7*f**3 + 563*f**2 - 136*f - 310. What is the hundreds digit of u(80)?
0
Suppose -31*r + 7 = 162. What is the units digit of -2 + (518 + r - 5)?
6
Let j be ((-15)/20)/((-1)/4). Suppose 4*k = -0*k - 12, -j*y = 3*k + 3. Suppose d - 5*t = 22, y*d = -3*t + 16 + 28. What is the units digit of d?
2
Suppose b = 10*b - 9. What is the tens digit of (1/2)/(2/364*b)?
9
Suppose 0 = 3*b + 2*q - 15, 7*q - 25 = -5*b + 2*q. What is the units digit of 96 - (33/33)/(1/b)?
1
Suppose 5*k + 3*n + 2280 = 0, 4*n = -0*k - 2*k - 898. Let x = 1357 + k. What is the tens digit of x?
9
Suppose 4*j = w - 13470, 14*w - 12*w = 5*j + 26937. What is the units digit of w?
6
Suppose -5*x = -5*t - 31005, 2*x - 5217 - 7197 = -2*t. What is the units digit of x?
4
Let m be (-1368)/16 - ((-14)/4 + 3). Let d = m + 96. What is the units digit of d?
1
Let b(r) = -59*r - 47*r - 39*r + 22*r - 22. What is the units digit of b(-4)?
0
Suppose 0 = 5*l - 2*t - 1883 - 412, -t = 0. Let s = l - 75. What is the tens digit of s?
8
Let y(h) = h**2 + 30*h + 11. Suppose -7*l + 46 = -3. What is the hundreds digit of y(l)?
2
Let t be (-2)/(-4)*(8 + 2*-1). Let u be (-1)/t + (-290)/(-15). What is the units digit of -2 + (1 - 1) + u + -16?
1
Suppose -z = 4*g - 2488, -488 - 9524 = -4*z + 4*g. What is the tens digit of z?
0
Let i = 105 - 113. Suppose 3*h = 3*t - 42, -t + 1 = 3. What is the tens digit of (127/2)/(i/h)?
2
Suppose -351*c + 659502 = -297*c. What is the ten thousands digit of c?
1
Let w be 1 + 9 - (1 - 9 - -13). Suppose -5*c + 5*n - 2687 = -9212, 6533 = w*c + 3*n. What is the units digit of c?
6
Suppose 0 = q - 9 + 3. Let o(v) = v**3 - 7*v**2 + 4*v + 12. Let d be o(q). Suppose -162 = -d*r - 6*r. What is the tens digit of r?
2
Suppose 1020 = -5*w + 2*w. Let y = 342 + w. What is the units digit of y?
2
Suppose -3*z + 42 = 15. Let d(g) = g**3 + 4*g**2 - 21*g - 52. Let n be d(-6). Suppose n*h - z - 38 = -y, 5*y - h - 268 = 0. What is the units digit of y?
3
Let t be (3/(30/(-128)))/((-10)/25). Suppose -4*s = -5*y + t, -y = 4*s - 0*s + 8. What is the units digit of ((-2 - -3 - -3) + s)*86?
6
Let w(b) = -177*b + 270. What is the thousands digit of w(-29)?
5
What is the thousands digit of (-1)/11 + (7715450/550 - (-5 - 4))?
4
Let j(s) = -8*s - 21.